x?
2
Let i(c) = -6*c - 3. What is the units digit of i(-4)?
1
Let f(y) = -7*y**3 - 3*y**2 - 8*y - 14. What is the units digit of f(-4)?
8
Let y(q) = -9*q**3 - 2*q**2 + 1. Let x be y(1). What is the tens digit of x/((30/9)/(-5))?
1
Suppose -5*k - 30 - 30 = -5*l, 5*l - 52 = k. Suppose -x = 4*x + l. What is the units digit of (x + 1)*(-2 - 15)?
7
Suppose 3*i + 103 = n, 4*i + 86 + 418 = 5*n. What is the units digit of n?
0
Let v(x) = 2*x**2 - x. Let w be v(-1). Suppose w*n = -5*c - 123, -3*n - 93 = -0*c - 5*c. What is the units digit of (-4)/18 - 44/n?
1
Suppose 0 = g + 5, -2*z = 2*z + 2*g + 6. What is the tens digit of z + -18*(-3)/6?
1
Let i(u) = -6 + 0*u + 2*u - 1. What is the units digit of i(6)?
5
Suppose 0*u = -u. Suppose m - 5 - 8 = u. What is the units digit of m?
3
Suppose -3*w - g - 4*g + 89 = 0, g = -3*w + 85. Suppose 0 = f + 5*b - w, -3*f - 6*b + 2*b + 29 = 0. What is the units digit of f?
3
Suppose 5*d = 4*j - 368, 3*j - 2*j + 5*d - 92 = 0. Suppose -4*v = -6*v + j. What is the tens digit of v?
4
Suppose 0 = c - 5*d + 24, -20 = 4*c - 5*d + 16. Let r = 6 + c. What is the units digit of -1*2 - (r + -7)?
3
Suppose 7*i - 844 + 137 = 0. What is the units digit of i?
1
Let n(t) = t**3 - 2*t**2 - t + 1. Let g be (0 - (-1 - -4)) + 6. What is the units digit of n(g)?
7
Let c = -51 + 155. Let h = c - 72. What is the tens digit of h?
3
Let y(h) = 3 - 13*h**2 + h**3 + 17*h**2 - h - 7. What is the units digit of y(-3)?
8
Let v(b) = -b**2 - 7*b - 1. What is the units digit of v(-5)?
9
Let q(p) be the third derivative of p**4/3 - p**3/6 + 3*p**2. Let y be q(-1). What is the units digit of 2/1 - (y - -6)?
5
Let m be (-1 - (-1 - 0))/(-3). Suppose -3*x - 6 + 3 = m, -2*j - 2*x = -72. What is the units digit of j?
7
Let a(y) be the third derivative of 0*y - y**2 - 1/2*y**3 + 0 + 1/12*y**4. What is the units digit of a(7)?
1
Let r(z) = 2*z + 4*z + 0*z + 0*z + z**2 - 5. What is the tens digit of r(-9)?
2
Let y = 7 - -67. What is the units digit of y?
4
Let t be (7 - 4)/(6/(-4)). What is the units digit of 208/(-20)*5/t?
6
Let c(x) = 7*x - 83. What is the units digit of c(13)?
8
Let c(h) = 5*h**2 - 3*h - 2. Let y be c(4). Let u = -40 + y. What is the tens digit of u?
2
Suppose -36 = -4*l + 4*c, 5*c - c = 3*l - 32. What is the tens digit of (l/(-1))/(10/(-65))?
2
Suppose 8*z - 4*z = -f + 32, 5*f - 4*z - 160 = 0. What is the units digit of f?
2
Let z = -2 + 6. What is the units digit of z?
4
Let k = -10 + 55. What is the tens digit of k?
4
Let x = 14 + -9. What is the units digit of x?
5
Suppose -p - 3*p + 20 = 0. Let i be 2/p + 26/10. Suppose 29 = 4*k - i. What is the units digit of k?
8
Let m(v) = v**2 - 7*v + 4. Let j(f) = -f**2 + 7*f - 4. Let w(o) = 4*j(o) + 3*m(o). Suppose -5*n + 30 = -0*n. What is the units digit of w(n)?
2
Let a = 7 + -4. Suppose a*x - 68 = -x. What is the tens digit of x?
1
Let q be 6*(45/6)/5. Suppose 5*a = -q + 54. What is the units digit of a?
9
Suppose 4*y - 5*y = -88. What is the units digit of (y/(-4))/((-2)/1)?
1
Let j = 51 - 33. What is the tens digit of j?
1
Let j(z) = z**3 - 2*z**2 + 2*z + 3. Let r be j(-2). Let g(v) = v**3 + 18*v**2 + 14*v. What is the units digit of g(r)?
1
Let q(w) = -w**2 - 10*w. What is the tens digit of q(-6)?
2
Let w = 158 + -73. What is the units digit of w?
5
Suppose 12*d - 145 = 803. What is the units digit of d?
9
Let k(z) = -z**3 + 10*z**2 + 4*z + 5. What is the tens digit of k(10)?
4
Let y be (240/35)/(2/14). Let w be (y/(-3))/2 + 0. Let n = 10 - w. What is the tens digit of n?
1
Suppose 0 = 5*c + 9 + 1. Let u(k) = 5*k**2 + k - 1. What is the tens digit of u(c)?
1
Suppose -u + 800 = 4*u - 5*m, -m = 5*u - 800. Suppose 0*y + 4*y - u = 0. What is the units digit of y?
0
Suppose -3*f + 53 = -2*k, 5*k + 2 + 3 = 0. What is the tens digit of f?
1
Suppose 0 = 3*b - b + 26. Let s = b + 23. Let i = s + -3. What is the units digit of i?
7
Let c(f) = 5*f**3 - f**2. Let b be c(1). What is the units digit of b/(-18) + (-60)/(-27)?
2
Suppose 2*g = -g - 15, -3*u + 59 = 5*g. What is the tens digit of u?
2
Suppose -k + 232 = w, 0 = 8*k - 4*k - 2*w - 904. What is the units digit of k?
8
Suppose -3*o + 225 = 2*o. Suppose 15 = -2*q + o. Let w = q + -8. What is the units digit of w?
7
Suppose 0 = 5*j - 3*j - 24. What is the tens digit of (0 + 4 + -3)*j?
1
Suppose -13*a - a + 2324 = 0. What is the units digit of a?
6
Let r(m) = -m + 1. Let w be r(1). Suppose -2*p - p - 12 = w. Let y = p + 19. What is the units digit of y?
5
Suppose 5*r - 106 - 101 = 2*i, -5*i - 46 = -r. What is the units digit of r?
1
Let z = -166 + 273. What is the units digit of z?
7
Let l = 94 + -56. What is the tens digit of l?
3
Let p be 0*(-1)/(-2) - -14. Suppose -2*s + p = 2. What is the units digit of 1/((-5)/s + 1)?
6
Let d(u) = u**3 - u**2 - u + 2. Let v be d(2). Let y be 34 + 2*2/v. Suppose 3*l + 17 = 2*b, 4*b - y = 4*l + l. What is the tens digit of b?
1
Suppose -5*h = -4*g - 87, -4*h - g = -2*h - 27. What is the units digit of h?
5
Suppose a + 199 + 1089 = 5*k, 3*k - a = 772. What is the tens digit of k?
5
What is the tens digit of (3703/69)/(1/3)?
6
Let o(w) = -w**3 + 6*w**2 + 6*w + 9. Let h be o(7). Suppose m - 1 = h. Suppose m*l = -2*l + 5. What is the units digit of l?
1
Let n(r) = -2*r - 6. What is the units digit of n(-17)?
8
Let m = -183 - -329. What is the units digit of m?
6
Let z(w) = -w**3 - 11*w**2. Let d be z(-11). Suppose -18 = -3*s + 3*r - 6, 0 = 4*s + 3*r - 16. Suppose -s*m + 41 + 7 = d. What is the tens digit of m?
1
Let o(u) be the second derivative of -u**4/12 - 13*u**3/6 - 5*u**2 - 3*u. Let s be o(-12). Suppose -h - s*h = -48. What is the tens digit of h?
1
Suppose -2*b = -2*x + 372, 4*b - 126 = -3*x + 411. What is the tens digit of x?
8
Let m(w) = -w**2 - 14*w - 14. What is the units digit of m(-12)?
0
Let n = -1 + 4. Suppose -n*x - 5 = 2*x. What is the units digit of (1 - x) + 1*2?
4
What is the tens digit of -135*(3 - 6/(-9)*-8)?
1
Suppose -6 = n - 21. Let b = -7 + 2. Let y = n + b. What is the units digit of y?
0
What is the tens digit of (-4)/4 - (-16 - 0)?
1
Let j(c) = 3*c**3 - c. Let y = 1 - 0. Let t be j(y). Suppose -t*o + 0*o = -6. What is the units digit of o?
3
Let u(z) = z**2 + 5*z + 7. What is the units digit of u(-8)?
1
Let m be 2/3 - (-16)/(-6). Let x be (m*1)/(3/9). What is the units digit of ((-20)/6)/(4/x)?
5
Let x(y) be the first derivative of 2 - 2*y + 1/4*y**4 + 0*y**2 - 1/3*y**3. What is the tens digit of x(3)?
1
Suppose 0 = -4*k + 4*n + 132, -2*k = 3*n - 81 - 5. What is the tens digit of k?
3
Suppose -88 - 2000 = -9*b. What is the units digit of b?
2
Suppose -2*k + 17 + 35 = 0. Let l = k - 10. What is the tens digit of l?
1
Let c be (-11)/(-4) - (-9)/(-12). Suppose c*z = 5*z. Suppose -2*v + 41 - 7 = z. What is the units digit of v?
7
Let u = 46 - 66. Let j = 35 + u. What is the units digit of j?
5
Let q(b) = -b**2 + 8*b + 3. Let p be q(7). Suppose -2*l - 4 = 2*u, u + 0 = -5*l - p. What is the units digit of 4 + (l - -1)*1?
3
Suppose -56 = -5*b - 16. Let u = -5 + b. What is the units digit of (u/(-2))/(2/(-4))?
3
Suppose 5*b + 1 = 11. Let q be -28 + b*(-2)/(-2). Let d = q + 41. What is the units digit of d?
5
Let x = 5 + -2. Suppose -6 = -x*t + 5*t. Let b(z) = z**3 + 3*z**2 - z + 4. What is the units digit of b(t)?
7
Let c(m) = -6*m + 14. Let q be c(7). Let l = q + 47. What is the tens digit of l?
1
Suppose -4*f + 591 = u, f + 153 = 2*f + 2*u. What is the hundreds digit of f?
1
Let p = -1 + 30. What is the units digit of p?
9
Let a be (0/(-8))/(0 + -1). Suppose a = 2*n - n - 4. What is the units digit of n?
4
Let j = 11 - 4. Let i(s) = -10*s + j*s - 8*s - 4*s. What is the units digit of i(-1)?
5
Let r(z) = 0 + 0*z + z - 2 + 3*z. What is the units digit of r(2)?
6
Suppose l + 30 = 4*x - 4*l, 5*l = -10. Suppose -x*j - v + 133 = -2*v, 4*j - 5*v - 98 = 0. What is the tens digit of j?
2
Suppose 56 = 3*i - 40. Let u = i + -9. What is the tens digit of u?
2
What is the units digit of ((-2)/5)/((-11)/1705)?
2
Let f = -2 - -2. Let h be (f - 2)/(2/(-23)). Suppose x + 4*m = h, 22 = 4*x + m + 5. What is the units digit of x?
3
Let l = 30 + -5. Suppose -3*r + l = -0*r + 4*j, 4*j = 2*r + 10. Let p = r + -1. What is the units digit of p?
2
Let h(x) = -2*x. Let l be h(-2). Suppose -4*o = -l*w + 80, -2*o = -5*